143e
In base 5, what is 12044040243 - 10?
12044040233
In base 5, what is 1044311 + -14241?
1030020
In base 4, what is -30321 - -22203113?
22112132
In base 12, what is -3b0 + -61849?
-62039
In base 4, what is 2 + -301320132301?
-301320132233
In base 8, what is -453300 + 145?
-453133
In base 5, what is 1231 + 342030?
343311
In base 8, what is 30232 - 45445?
-15213
In base 7, what is -1 - 11245403?
-11245404
In base 12, what is 118506b - 6a?
1185001
In base 6, what is -250502000 - -1?
-250501555
In base 15, what is 3b3809 - -5?
3b380e
In base 10, what is 0 + 3322731?
3322731
In base 6, what is -21521 - 542200?
-1004121
In base 6, what is -14313 - -10441?
-3432
In base 16, what is -3 + 291b5e?
291b5b
In base 3, what is -2110100211012020 + 12?
-2110100211012001
In base 5, what is 1140140202 + 0?
1140140202
In base 3, what is 20100212112102102 - 12?
20100212112102020
In base 15, what is -18a70 - 5ed?
-1916d
In base 16, what is -2 + 411017c?
411017a
In base 5, what is -10332300 - 244?
-10333044
In base 5, what is 1423 + -3423100?
-3421122
In base 9, what is 27 + 465823?
465851
In base 16, what is 63206c + -5?
632067
In base 2, what is -101 - -11100100000001001011100?
11100100000001001010111
In base 8, what is -14635666 + 0?
-14635666
In base 11, what is -338 - 1409?
-1746
In base 15, what is -4997 + 38d?
-4609
In base 6, what is -323541 - 531?
-324512
In base 12, what is 3 + -22aa383?
-22aa380
In base 12, what is -33467a + -3?
-334681
In base 7, what is -35312156 - 64?
-35312253
In base 9, what is 1276 + -550?
626
In base 13, what is 16a + -77623?
-77486
In base 12, what is -33 - 2678320?
-2678353
In base 4, what is -13 - 1031101113011?
-1031101113030
In base 8, what is 21 - 470273?
-470252
In base 9, what is -336 + -113317?
-113654
In base 2, what is 10000 + 100000111000100010?
100000111000110010
In base 11, what is -3 + 142948?
142945
In base 9, what is 1863740 + -11?
1863728
In base 6, what is -2522015302 + -1?
-2522015303
In base 14, what is 6aac12 + 1?
6aac13
In base 5, what is 1001102041302 + -10?
1001102041242
In base 15, what is 4 - 3d3bb8?
-3d3bb4
In base 6, what is -1324042 + 24105?
-1255533
In base 8, what is -3301 + -11250?
-14551
In base 14, what is 10 + c4ab0?
c4ac0
In base 8, what is 3 - -172124454?
172124457
In base 11, what is 496 + -63942?
-63457
In base 4, what is -2010202230 - -123123?
-2010013101
In base 14, what is 12d82071 + -3?
12d8206c
In base 14, what is -90a + -380c9?
-389d5
In base 4, what is -1 + -1110210221?
-1110210222
In base 5, what is 430431013 - 41?
430430422
In base 14, what is -cb99c7 - -3?
-cb99c4
In base 12, what is -41800b - 8?
-418017
In base 5, what is 10 + 12241114?
12241124
In base 2, what is -10101011010001000111 - -10101?
-10101011010000110010
In base 4, what is -1310133102 + -112211?
-1310311313
In base 14, what is -6 - -3a765?
3a75d
In base 8, what is -24204 + 136?
-24046
In base 3, what is 1210220202001 + 0?
1210220202001
In base 9, what is -6858181 + -34?
-6858225
In base 14, what is 11 - 2ac66a?
-2ac659
In base 14, what is 3 + 90355?
90358
In base 14, what is -25d43 + -32?
-25d75
In base 14, what is -7b074 - -15c?
-7ad16
In base 9, what is 844 + -52605?
-51651
In base 14, what is 4353b + -16?
43525
In base 11, what is 4 + 574a248?
574a251
In base 14, what is -4 + -476151?
-476155
In base 5, what is 113123 + -2311?
110312
In base 6, what is -1 - 23505202?
-23505203
In base 8, what is 51046373 - 11?
51046362
In base 13, what is 35aaa5 + -15?
35aa90
In base 2, what is 100000111001 - -100110001?
100101101010
In base 12, what is -98 + -b72b5?
-b7391
In base 11, what is -5 + 13a8a74?
13a8a6a
In base 8, what is 607 - -537330?
540137
In base 6, what is 122530 + -555344?
-432414
In base 12, what is aa445 - -68?
aa4b1
In base 9, what is -2 + 8125800?
8125787
In base 3, what is 1110 - 102220011100011?
-102220011021201
In base 15, what is 72b65 + 1c?
72b82
In base 3, what is 11222222021010 + 2202?
11222222100212
In base 2, what is -1000010101111111010111 + 1011010?
-1000010101111101111101
In base 6, what is -45 - -11145423?
11145334
In base 6, what is 301 + -322410?
-322105
In base 14, what is -4 - b76819?
-b7681d
In base 15, what is 7a - 40ab59?
-40aace
In base 5, what is 1333 - -22410443?
22412331
In base 15, what is 1a + -142dc8?
-142dad
In base 14, what is -2a8 + -29369?
-29633
In base 11, what is a - -22036?
22045
In base 8, what is 40145525 + -4?
40145521
In base 11, what is 2a862 + 2117?
31979
In base 6, what is -12 + 105535404?
105535352
In base 15, what is -a93e - 230a?
-cc49
In base 11, what is -4 - -23930579?
23930575
In base 16, what is 2350a6 + -12?
235094
In base 15, what is 114444 + 8?
11444c
In base 4, what is 1021202 - 232002110?
-230320302
In base 10, what is 214758 - 551?
214207
In base 14, what is 310166 + -9?
31015b
In base 3, what is -102211221012 - 1000?
-102211222012
In base 7, what is 2 - 534534131?
-534534126
In base 14, what is d692b - 6a?
d68a1
In base 3, what is 10010210201012 + 2002?
10010210210021
In base 4, what is 3133122302001 - -1?
3133122302002
In base 2, what is 1101 + 1110101011011000011000?
1110101011011000100101
In base 12, what is -100 + -75b758?
-75b858
In base 4, what is -10100 - -13002212?
12332112
In base 3, what is 1122110221010 + 112?
1122110221122
In base 14, what is -11797 + -1a?
-117b3
In base 15, what is -1bedc8a - 1b?
-1bedca6
In base 7, what is -5 + -262305222?
-262305230
In base 8, what is 125731 - 7?
125722
In base 8, what is -3700211 - 303?
-3700514
In base 15, what is -14b + -432?
-57d
In base 16, what is 5 - 31c743?
-31c73e
In base 7, what is 2435204 - -41?
2435245
In base 3, what is 2221121222002 - -101?
2221121222110
In base 10, what is -6187448 + 6?
-6187442
In base 10, what is 31 + -2732499?
-2732468
In base 2, what is -10001000000010110100111 - -101?
-10001000000010110100010
In base 11, what is 32 + 26605a?
266091
In base 7, what is 556242212 - -4?
556242216
In base 11, what is 12597 + 3673?
1615a
In base 2, what is 11001010001101111011110 - -111011?
11001010001110000011001
In base 14, what is -9d5858 + 2?
-9d5856
In base 10, what is -14569 + -214?
-14783
In base 14, what is 28 - 3241c0?
-324196
In base 13, what is -7c40a - -64?
-7c376
In base 13, what is 2c551b - -7a?
2c5598
In base 10, what is 38478782 - -5?
38478787
In base 14, what is c97 + -1639?
-782
In base 11, what is 416 + -1218?
-902
In base 2, what is -11111111110000000 - 100100111011?
-100000100010111011
In base 3, what is -1202012 + 12112011200?
12110102111
In base 7, what is 5 + 3045010111?
3045010116
In base 15, what is 67 - -1eeaa?
20022
In base 8, what is 10645 + -4166?
4457
In base 7, what is 111 - -33402445?
33402556
In base 15, what is -5a6e10 - 4?
-5a6e14
In base 3, what is -1011 - -102010200011?
102010122000
In base 16, what is 4f087e + 4?
4f0882
In base 4, what is -11 - 102023102232?
-102023102303
In base 4, what is -3231 + -231000232?
-231010123
In base 3, what is -10211001121222 - 1?
-10211001122000
In base 14, what is 3 - 39452602?
-394525dd
In base 10, what is -275 + 38078?
37803
In base 15, what is -a5536 + 4?
-a5532
In base 8, what is -1011360042 + -12?
-1011360054
In base 6, what is 13253031 + -141?
13252450
In base 16, what is -10a6a + 282d?
-e23d
In base 7, what is 5 - 5200631425?
-5200631420
In base 6, what is -40540 - -5231204?
5150224
In base 9, what is 57 - 8852467?
-8852410
In base 15, what is -41087 + 3b3?
-40bc4
In base 9, what is 82672 - -1151?
83833
In base 7, what is 34514 + -5156?
26325
In base 11, what is -11600203 - -2?
-11600201
In base 5, what is -341 + -10300413?
-10301304
In base 10, what is 639 + -10010?
-9371
In base 6, what is 2 - 14115435131?
-14115435125
In base 5, what is 102211312031 - -4?
102211312040
In base 16, what is 210df + -366?
20d79
In base 12, what is -8a16b5 + -9?
-8a1702
In base 6, what is 23143423202 - -11?
23143423213
In base 12, what is 15 - -311538?
311551
In base 16, what is -2b45 - -24f?
-28f6
In base 5, what is -11 - -113441402?
113441341
In base 9, what is -2 - -404128845?
404128843
In base 5, what is 242011301 - -3001?
242014302
In base 10, what is 3766110 - 39?
3766071
In base 14, what is -73 + 110cb?
11058
In base 12, what is -3 + -1240089?
-1240090
In base 11, what is -25208 - -561?
-24757
In base 15, what is -b9b8bb